{"id":1193,"date":"2023-11-07T12:25:09","date_gmt":"2023-11-07T12:25:09","guid":{"rendered":"https:\/\/sanvicentedepaul-mataderos.edu.ar\/?page_id=1193"},"modified":"2023-11-07T12:25:09","modified_gmt":"2023-11-07T12:25:09","slug":"proceso-de-admision-para-nivel-primario-2","status":"publish","type":"page","link":"https:\/\/sanvicentedepaul-mataderos.edu.ar\/?page_id=1193","title":{"rendered":"Proceso de admisi\u00f3n para Nivel Primario"},"content":{"rendered":"<p>[et_pb_section fb_built=\u00bb1&#8243; admin_label=\u00bbsection\u00bb _builder_version=\u00bb4.16&#8243; global_colors_info=\u00bb{}\u00bb theme_builder_area=\u00bbpost_content\u00bb][et_pb_row admin_label=\u00bbrow\u00bb _builder_version=\u00bb4.16&#8243; background_size=\u00bbinitial\u00bb background_position=\u00bbtop_left\u00bb background_repeat=\u00bbrepeat\u00bb global_colors_info=\u00bb{}\u00bb theme_builder_area=\u00bbpost_content\u00bb][et_pb_column type=\u00bb4_4&#8243; _builder_version=\u00bb4.16&#8243; custom_padding=\u00bb|||\u00bb global_colors_info=\u00bb{}\u00bb custom_padding__hover=\u00bb|||\u00bb theme_builder_area=\u00bbpost_content\u00bb][et_pb_text content_last_edited=\u00bboff|desktop\u00bb admin_label=\u00bbText\u00bb _builder_version=\u00bb4.21.0&#8243; background_size=\u00bbinitial\u00bb background_position=\u00bbtop_left\u00bb background_repeat=\u00bbrepeat\u00bb custom_margin=\u00bb50px||||false|false\u00bb hover_enabled=\u00bb0&#8243; global_colors_info=\u00bb{}\u00bb theme_builder_area=\u00bbpost_content\u00bb sticky_enabled=\u00bb0&#8243;]<\/p>\n<h1>Proceso de admisi\u00f3n para Nivel Primario<\/h1>\n<p><span style=\"font-weight: 400;\">Las familias que opten por inscribir a sus hijos\/as en nuestra escuela deber\u00e1n tener en cuenta respetar los siguientes pasos que forman parte del proceso de admisi\u00f3n, es importante que sepan que la inscripci\u00f3n queda supeditada a la cantidad de vacantes disponibles de cada grado:<\/span><\/p>\n<p><span style=\"font-weight: 400;\"><\/span><\/p>\n<ol>\n<li aria-level=\"1\"><b>Reuni\u00f3n informativa<\/b><\/li>\n<ul>\n<li><span style=\"font-weight: 400;\">En esta convocatoria se invita a las familias (madre\/padre) a conocer nuestro proyecto educativo y las instalaciones de la escuela.<\/span><\/li>\n<\/ul>\n<li style=\"font-weight: 400;\" aria-level=\"1\"><span style=\"font-weight: 400;\"><b>Convocatoria a una instancia de valoraci\u00f3n pedag\u00f3gica y nivelaci\u00f3n de los ni\u00f1os\/as postulantes para la<br \/>\n    inscripci\u00f3n.<\/b><\/span><\/li>\n<ul>\n<li>En ese momento deberan presentar la siguiente documentacion:<\/li>\n<li>Para primer grado:\n<ul class=\"checked-requirements\">\n<li style=\"font-weight: 400;\" aria-level=\"1\"><span style=\"font-weight: 400;\">Informe pedag\u00f3gico del jard\u00edn anterior.<\/span><\/li>\n<li style=\"font-weight: 400;\" aria-level=\"1\"><span style=\"font-weight: 400;\">Cuaderno de comunicaciones del jard\u00edn anterior.<\/span><\/li>\n<li style=\"font-weight: 400;\" aria-level=\"1\"><span style=\"font-weight: 400;\">Libre deuda del jard\u00edn anterior.<\/span><\/li>\n<\/ul>\n<\/li>\n<li>\n            Para segundo hasta s\u00e9ptimo grado<\/p>\n<ul class=\"checked-requirements\">\n<li style=\"font-weight: 400;\" aria-level=\"1\"><span style=\"font-weight: 400;\">Valoraciones pedag\u00f3gicas y bolet\u00edn de calificaciones de la Escuela a la cual concurre.<\/span><\/li>\n<li style=\"font-weight: 400;\" aria-level=\"1\"><span style=\"font-weight: 400;\">Carpetas y\/o cuadernos y cuaderno de comunicados que utiliza el alumno en la escuela a la cual concurre.<\/span><\/li>\n<li style=\"font-weight: 400;\" aria-level=\"1\"><span style=\"font-weight: 400;\">Libre deuda de la Escuela anterior.<\/span><\/li>\n<\/ul>\n<\/li>\n<\/ul>\n<li style=\"font-weight: 400;\" aria-level=\"1\"><b>Entrevista de admisi\u00f3n con direcci\u00f3n<\/b><span style=\"font-weight: 400;\"> (en ese momento, deben concurrir ambos padres)<\/span><\/li>\n<h3>Presentar<\/h3>\n<ul class=\"checked-requirements\">\n<li style=\"font-weight: 400;\" aria-level=\"1\"><span style=\"font-weight: 400;\">Original y fotocopia de la partida de nacimiento del ni\u00f1o\/a<\/span><\/li>\n<li style=\"font-weight: 400;\" aria-level=\"1\"><span style=\"font-weight: 400;\">Original y fotocopia del D.N.I. del ni\u00f1o\/a<\/span><\/li>\n<li style=\"font-weight: 400;\" aria-level=\"1\"><span style=\"font-weight: 400;\">Certificados de vacunas (fotocopias).<\/span><\/li>\n<li style=\"font-weight: 400;\" aria-level=\"1\"><span style=\"font-weight: 400;\">Fe de bautismo.<\/span><\/li>\n<li style=\"font-weight: 400;\" aria-level=\"1\"><span style=\"font-weight: 400;\">Original y fotocopias de DNI de ambos padres<\/span><\/li>\n<li style=\"font-weight: 400;\" aria-level=\"1\"><span style=\"font-weight: 400;\">Instancia de confirmaci\u00f3n de vacante<\/span><\/li>\n<li style=\"font-weight: 400;\" aria-level=\"1\"><span style=\"font-weight: 400;\">Firma del acta\/acuerdo de inscripci\u00f3n.<\/span><\/li>\n<li style=\"font-weight: 400;\" aria-level=\"1\"><span style=\"font-weight: 400;\">Pago de matr\u00edcula o reserva de vacante.<\/span><\/li>\n<\/ul>\n<li aria-level=\"1\"><b>Convocatoria a reuni\u00f3n de padres para el mes de febrero SOLO PARA PRIMER GRADO<\/b><\/li>\n<li aria-level=\"1\"><b>Entrevistas con docentes y Departamento de Orientaci\u00f3n.<\/b><\/li>\n<\/ol>\n<p>[\/et_pb_text][et_pb_button button_url=\u00bbhttps:\/\/sanvicentedepaul-mataderos.edu.ar\/wp-content\/uploads\/2023\/11\/Proceso-de-admision-para-Nivel-Primario.pdf\u00bb url_new_window=\u00bbon\u00bb button_text=\u00bbDescargue\u00bb _builder_version=\u00bb4.21.0&#8243; _module_preset=\u00bbdefault\u00bb hover_enabled=\u00bb0&#8243; global_colors_info=\u00bb{}\u00bb theme_builder_area=\u00bbpost_content\u00bb sticky_enabled=\u00bb0&#8243;][\/et_pb_button][\/et_pb_column][\/et_pb_row][\/et_pb_section]<\/p>\n","protected":false},"excerpt":{"rendered":"<p>Proceso de admisi\u00f3n para Nivel Primario Las familias que opten por inscribir a sus hijos\/as en nuestra escuela deber\u00e1n tener en cuenta respetar los siguientes pasos que forman parte del proceso de admisi\u00f3n, es importante que sepan que la inscripci\u00f3n queda supeditada a la cantidad de vacantes disponibles de cada grado: Reuni\u00f3n informativa En esta [&hellip;]<\/p>\n","protected":false},"author":6,"featured_media":0,"parent":0,"menu_order":0,"comment_status":"closed","ping_status":"closed","template":"","meta":{"_et_pb_use_builder":"on","_et_pb_old_content":"","_et_gb_content_width":"","_uag_custom_page_level_css":"","footnotes":""},"class_list":["post-1193","page","type-page","status-publish","hentry"],"uagb_featured_image_src":{"full":false,"thumbnail":false,"medium":false,"medium_large":false,"large":false,"elegant_blocks_team_1":false,"elegant_blocks_blog_1":false,"elegant_blocks_slider_1":false,"1536x1536":false,"2048x2048":false,"et-pb-post-main-image":false,"et-pb-post-main-image-fullwidth":false,"et-pb-portfolio-image":false,"et-pb-portfolio-module-image":false,"et-pb-portfolio-image-single":false,"et-pb-gallery-module-image-portrait":false,"et-pb-post-main-image-fullwidth-large":false,"et-pb-image--responsive--desktop":false,"et-pb-image--responsive--tablet":false,"et-pb-image--responsive--phone":false},"uagb_author_info":{"display_name":"Matias Ojeda","author_link":"https:\/\/sanvicentedepaul-mataderos.edu.ar\/?author=6"},"uagb_comment_info":0,"uagb_excerpt":"Proceso de admisi\u00f3n para Nivel Primario Las familias que opten por inscribir a sus hijos\/as en nuestra escuela deber\u00e1n tener en cuenta respetar los siguientes pasos que forman parte del proceso de admisi\u00f3n, es importante que sepan que la inscripci\u00f3n queda supeditada a la cantidad de vacantes disponibles de cada grado: Reuni\u00f3n informativa En esta&hellip;","_links":{"self":[{"href":"https:\/\/sanvicentedepaul-mataderos.edu.ar\/index.php?rest_route=\/wp\/v2\/pages\/1193","targetHints":{"allow":["GET"]}}],"collection":[{"href":"https:\/\/sanvicentedepaul-mataderos.edu.ar\/index.php?rest_route=\/wp\/v2\/pages"}],"about":[{"href":"https:\/\/sanvicentedepaul-mataderos.edu.ar\/index.php?rest_route=\/wp\/v2\/types\/page"}],"author":[{"embeddable":true,"href":"https:\/\/sanvicentedepaul-mataderos.edu.ar\/index.php?rest_route=\/wp\/v2\/users\/6"}],"replies":[{"embeddable":true,"href":"https:\/\/sanvicentedepaul-mataderos.edu.ar\/index.php?rest_route=%2Fwp%2Fv2%2Fcomments&post=1193"}],"version-history":[{"count":3,"href":"https:\/\/sanvicentedepaul-mataderos.edu.ar\/index.php?rest_route=\/wp\/v2\/pages\/1193\/revisions"}],"predecessor-version":[{"id":1197,"href":"https:\/\/sanvicentedepaul-mataderos.edu.ar\/index.php?rest_route=\/wp\/v2\/pages\/1193\/revisions\/1197"}],"wp:attachment":[{"href":"https:\/\/sanvicentedepaul-mataderos.edu.ar\/index.php?rest_route=%2Fwp%2Fv2%2Fmedia&parent=1193"}],"curies":[{"name":"wp","href":"https:\/\/api.w.org\/{rel}","templated":true}]}}

Proceso de admisión para Nivel Primario

<p>[et_pb_section fb_built=»1&#8243; admin_label=»section» _builder_version=»4.16&#8243; global_colors_info=»{}» theme_builder_area=»post_content»][et_pb_row admin_label=»row» _builder_version=»4.16&#8243; background_size=»initial» background_position=»top_left» background_repeat=»repeat» global_colors_info=»{}» theme_builder_area=»post_content»][et_pb_column type=»4_4&#8243; _builder_version=»4.16&#8243; custom_padding=»|||» global_colors_info=»{}» custom_padding__hover=»|||» theme_builder_area=»post_content»][et_pb_text content_last_edited=»off|desktop» admin_label=»Text» _builder_version=»4.21.0&#8243; background_size=»initial» background_position=»top_left» background_repeat=»repeat» custom_margin=»50px||||false|false» hover_enabled=»0&#8243; global_colors_info=»{}» theme_builder_area=»post_content» sticky_enabled=»0&#8243;]</p>
<h1>Proceso de admisión para Nivel Primario</h1>
<p><span style="font-weight: 400;">Las familias que opten por inscribir a sus hijos/as en nuestra escuela deberán tener en cuenta respetar los siguientes pasos que forman parte del proceso de admisión, es importante que sepan que la inscripción queda supeditada a la cantidad de vacantes disponibles de cada grado:</span></p>
<p><span style="font-weight: 400;"></span></p>
<ol>
<li aria-level="1"><b>Reunión informativa</b></li>
<ul>
<li><span style="font-weight: 400;">En esta convocatoria se invita a las familias (madre/padre) a conocer nuestro proyecto educativo y las instalaciones de la escuela.</span></li>
</ul>
<li style="font-weight: 400;" aria-level="1"><span style="font-weight: 400;"><b>Convocatoria a una instancia de valoración pedagógica y nivelación de los niños/as postulantes para la<br />
    inscripción.</b></span></li>
<ul>
<li>En ese momento deberan presentar la siguiente documentacion:</li>
<li>Para primer grado:
<ul class="checked-requirements">
<li style="font-weight: 400;" aria-level="1"><span style="font-weight: 400;">Informe pedagógico del jardín anterior.</span></li>
<li style="font-weight: 400;" aria-level="1"><span style="font-weight: 400;">Cuaderno de comunicaciones del jardín anterior.</span></li>
<li style="font-weight: 400;" aria-level="1"><span style="font-weight: 400;">Libre deuda del jardín anterior.</span></li>
</ul>
</li>
<li>
            Para segundo hasta séptimo grado</p>
<ul class="checked-requirements">
<li style="font-weight: 400;" aria-level="1"><span style="font-weight: 400;">Valoraciones pedagógicas y boletín de calificaciones de la Escuela a la cual concurre.</span></li>
<li style="font-weight: 400;" aria-level="1"><span style="font-weight: 400;">Carpetas y/o cuadernos y cuaderno de comunicados que utiliza el alumno en la escuela a la cual concurre.</span></li>
<li style="font-weight: 400;" aria-level="1"><span style="font-weight: 400;">Libre deuda de la Escuela anterior.</span></li>
</ul>
</li>
</ul>
<li style="font-weight: 400;" aria-level="1"><b>Entrevista de admisión con dirección</b><span style="font-weight: 400;"> (en ese momento, deben concurrir ambos padres)</span></li>
<h3>Presentar</h3>
<ul class="checked-requirements">
<li style="font-weight: 400;" aria-level="1"><span style="font-weight: 400;">Original y fotocopia de la partida de nacimiento del niño/a</span></li>
<li style="font-weight: 400;" aria-level="1"><span style="font-weight: 400;">Original y fotocopia del D.N.I. del niño/a</span></li>
<li style="font-weight: 400;" aria-level="1"><span style="font-weight: 400;">Certificados de vacunas (fotocopias).</span></li>
<li style="font-weight: 400;" aria-level="1"><span style="font-weight: 400;">Fe de bautismo.</span></li>
<li style="font-weight: 400;" aria-level="1"><span style="font-weight: 400;">Original y fotocopias de DNI de ambos padres</span></li>
<li style="font-weight: 400;" aria-level="1"><span style="font-weight: 400;">Instancia de confirmación de vacante</span></li>
<li style="font-weight: 400;" aria-level="1"><span style="font-weight: 400;">Firma del acta/acuerdo de inscripción.</span></li>
<li style="font-weight: 400;" aria-level="1"><span style="font-weight: 400;">Pago de matrícula o reserva de vacante.</span></li>
</ul>
<li aria-level="1"><b>Convocatoria a reunión de padres para el mes de febrero SOLO PARA PRIMER GRADO</b></li>
<li aria-level="1"><b>Entrevistas con docentes y Departamento de Orientación.</b></li>
</ol>
<p>[/et_pb_text][et_pb_button button_url=»https://sanvicentedepaul-mataderos.edu.ar/wp-content/uploads/2023/11/Proceso-de-admision-para-Nivel-Primario.pdf» url_new_window=»on» button_text=»Descargue» _builder_version=»4.21.0&#8243; _module_preset=»default» hover_enabled=»0&#8243; global_colors_info=»{}» theme_builder_area=»post_content» sticky_enabled=»0&#8243;][/et_pb_button][/et_pb_column][/et_pb_row][/et_pb_section]</p>

<p>Proceso de admisión para Nivel Primario Las familias que opten por inscribir a sus hijos/as en nuestra escuela deberán tener en cuenta respetar los siguientes pasos que forman parte del proceso de admisión, es importante que sepan que la inscripción queda supeditada a la cantidad de vacantes disponibles de cada grado: Reunión informativa En esta [&hellip;]</p>

Proceso de admisión para Nivel Primario Las familias que opten por inscribir a sus hijos/as en nuestra escuela deberán tener en cuenta respetar los siguientes pasos que forman parte del proceso de admisión, es importante que sepan que la inscripción queda supeditada a la cantidad de vacantes disponibles de cada grado: Reunión informativa En esta&hellip;
