{"id":1212,"date":"2023-11-16T13:18:06","date_gmt":"2023-11-16T13:18:06","guid":{"rendered":"https:\/\/sanvicentedepaul-mataderos.edu.ar\/?page_id=1212"},"modified":"2023-11-16T14:12:16","modified_gmt":"2023-11-16T14:12:16","slug":"1212-2","status":"publish","type":"page","link":"https:\/\/sanvicentedepaul-mataderos.edu.ar\/?page_id=1212","title":{"rendered":""},"content":{"rendered":"<p>[et_pb_section fb_built=\u00bb1&#8243; admin_label=\u00bbsection\u00bb _builder_version=\u00bb4.16&#8243; global_colors_info=\u00bb{}\u00bb][et_pb_row admin_label=\u00bbrow\u00bb _builder_version=\u00bb4.16&#8243; background_size=\u00bbinitial\u00bb background_position=\u00bbtop_left\u00bb background_repeat=\u00bbrepeat\u00bb min_height=\u00bb64px\u00bb custom_margin=\u00bb|auto|19px|auto||\u00bb global_colors_info=\u00bb{}\u00bb][et_pb_column type=\u00bb4_4&#8243; _builder_version=\u00bb4.16&#8243; custom_padding=\u00bb|||\u00bb global_colors_info=\u00bb{}\u00bb custom_padding__hover=\u00bb|||\u00bb][et_pb_text content_last_edited=\u00bboff|desktop\u00bb admin_label=\u00bbText\u00bb _builder_version=\u00bb4.21.0&#8243; background_size=\u00bbinitial\u00bb background_position=\u00bbtop_left\u00bb background_repeat=\u00bbrepeat\u00bb custom_margin=\u00bb50px||||false|false\u00bb global_colors_info=\u00bb{}\u00bb]<\/p>\n<h1>La Democracia est\u00e1 por venir<\/h1>\n<p><span>Nos complace informarles que en el nivel primario de nuestra escuela, hemos llevado a cabo un emocionante proyecto educativo en conmemoraci\u00f3n de los 40 a\u00f1os de la vuelta a la Democracia en Argentina, llamado <em>\u201cLa Democracia est\u00e1 por-venir\u201d.<\/em> <\/span><br \/>\n<span>Cada grado ha participado activamente en este proyecto, abordando diversos aspectos de nuestra historia democr\u00e1tica.<\/span><\/p>\n<p><em><span><b>\u201cS\u00faper\u2013Saludable\u201d<\/b>:<\/span><\/em><span> En primer grado, nuestros alumnos y alumnas exploraron el tema de la Ley de Etiquetados y su importancia en la construcci\u00f3n de una alimentaci\u00f3n m\u00e1s sana y equilibrada.<\/span><\/p>\n<p><em><span><b>\u201cTodos Somos Argentina\u201d<\/b><\/span><\/em><span>: Segundo grado, se enfoc\u00f3 en el federalismo y como est\u00e1 constituido nuestro pa\u00eds, analizando c\u00f3mo este principio ha fortalecido nuestra naci\u00f3n a lo largo de los a\u00f1os. Han explorado las diferentes culturas y biomas de las provincias. <\/span><\/p>\n<p><em><span><b>\u201cWhipala, Identidad, Recursos y Conflictos\u201d<\/b><\/span><\/em><span>: Tercer grado, se adentr\u00f3 en la historia de la Ley de Tierras en Argentina, los pueblos originarios y la importancia de nuestros recursos naturales y su extracci\u00f3n como en el caso del Litio.\u00a0 <\/span><\/p>\n<p><em><span><b>\u201cEl Origen de Todo\u201d:<\/b><\/span><\/em><span> Cuarto grado se sumergi\u00f3 en la inauguraci\u00f3n de Buenos Aires, un evento fundamental en la historia de nuestra capital y las costumbres porte\u00f1as.<\/span><\/p>\n<p><em><span><b>\u201cLlamemos a los lugares por su nombre\u201d:<\/b><\/span><\/em><span> Quinto grado profundiz\u00f3 en el proceso de elecci\u00f3n y la Ley S\u00e1enz Pe\u00f1a, resaltando la importancia del sufragio y su impacto en nuestra Democracia. <\/span><\/p>\n<p><em><span><b>\u201cSer Libres desde Adentro\u00bb:<\/b><\/span><\/em><span> Finalmente, sexto y s\u00e9ptimo grado se dedicaron a analizar la \u00e9poca de la dictadura c\u00edvico &#8211; militar en Argentina, reflexionando sobre las lecciones aprendidas de ese per\u00edodo oscuro de nuestra historia.<\/span>[\/et_pb_text][\/et_pb_column][\/et_pb_row][et_pb_row admin_label=\u00bbrow\u00bb _builder_version=\u00bb4.16&#8243; background_size=\u00bbinitial\u00bb background_position=\u00bbtop_left\u00bb background_repeat=\u00bbrepeat\u00bb global_colors_info=\u00bb{}\u00bb][et_pb_column type=\u00bb4_4&#8243; _builder_version=\u00bb4.16&#8243; custom_padding=\u00bb|||\u00bb global_colors_info=\u00bb{}\u00bb custom_padding__hover=\u00bb|||\u00bb][et_pb_nextend_smart_slider_3 slider=\u00bb5&#8243; _builder_version=\u00bb4.21.0&#8243; _module_preset=\u00bbdefault\u00bb global_colors_info=\u00bb{}\u00bb][\/et_pb_nextend_smart_slider_3][et_pb_text _builder_version=\u00bb4.21.0&#8243; _module_preset=\u00bbdefault\u00bb global_colors_info=\u00bb{}\u00bb]<\/p>\n<p><span>Este proyecto ha permitido a nuestros estudiantes aprender sobre la historia de Argentina de una manera participativa y significativa, promoviendo la comprensi\u00f3n de los valores democr\u00e1ticos y la importancia de preservar los derechos que hemos adquirido en Democracia.<\/span><\/p>\n<p><span>Por esta raz\u00f3n, nuestro desaf\u00edo como escuela, es reafirmar el compromiso de cumplir con nuestras obligaciones, defender, cuidar y ampliar los derechos conquistados, porque ninguna conquista de derechos es definitiva.<\/span><\/p>\n<p>[\/et_pb_text][\/et_pb_column][\/et_pb_row][\/et_pb_section]<\/p>\n","protected":false},"excerpt":{"rendered":"<p>La Democracia est\u00e1 por venir Nos complace informarles que en el nivel primario de nuestra escuela, hemos llevado a cabo un emocionante proyecto educativo en conmemoraci\u00f3n de los 40 a\u00f1os de la vuelta a la Democracia en Argentina, llamado \u201cLa Democracia est\u00e1 por-venir\u201d. Cada grado ha participado activamente en este proyecto, abordando diversos aspectos de [&hellip;]<\/p>\n","protected":false},"author":6,"featured_media":1218,"parent":0,"menu_order":0,"comment_status":"closed","ping_status":"closed","template":"","meta":{"_et_pb_use_builder":"on","_et_pb_old_content":"","_et_gb_content_width":"","_uag_custom_page_level_css":"","footnotes":""},"class_list":["post-1212","page","type-page","status-publish","has-post-thumbnail","hentry"],"uagb_featured_image_src":{"full":["https:\/\/sanvicentedepaul-mataderos.edu.ar\/wp-content\/uploads\/slider5\/proyecto-democracia-8.jpeg",1200,1600,false],"thumbnail":["https:\/\/sanvicentedepaul-mataderos.edu.ar\/wp-content\/uploads\/slider5\/proyecto-democracia-8-150x150.jpeg",150,150,true],"medium":["https:\/\/sanvicentedepaul-mataderos.edu.ar\/wp-content\/uploads\/slider5\/proyecto-democracia-8-300x300.jpeg",300,300,true],"medium_large":["https:\/\/sanvicentedepaul-mataderos.edu.ar\/wp-content\/uploads\/slider5\/proyecto-democracia-8-768x1024.jpeg",768,1024,true],"large":["https:\/\/sanvicentedepaul-mataderos.edu.ar\/wp-content\/uploads\/slider5\/proyecto-democracia-8-1024x1024.jpeg",1024,1024,true],"elegant_blocks_team_1":["https:\/\/sanvicentedepaul-mataderos.edu.ar\/wp-content\/uploads\/slider5\/proyecto-democracia-8-500x500.jpeg",500,500,true],"elegant_blocks_blog_1":["https:\/\/sanvicentedepaul-mataderos.edu.ar\/wp-content\/uploads\/slider5\/proyecto-democracia-8-693x462.jpeg",693,462,true],"elegant_blocks_slider_1":["https:\/\/sanvicentedepaul-mataderos.edu.ar\/wp-content\/uploads\/slider5\/proyecto-democracia-8-1200x1000.jpeg",1200,1000,true],"1536x1536":["https:\/\/sanvicentedepaul-mataderos.edu.ar\/wp-content\/uploads\/slider5\/proyecto-democracia-8-1152x1536.jpeg",1152,1536,true],"2048x2048":["https:\/\/sanvicentedepaul-mataderos.edu.ar\/wp-content\/uploads\/slider5\/proyecto-democracia-8.jpeg",1200,1600,false],"et-pb-post-main-image":["https:\/\/sanvicentedepaul-mataderos.edu.ar\/wp-content\/uploads\/slider5\/proyecto-democracia-8-400x250.jpeg",400,250,true],"et-pb-post-main-image-fullwidth":["https:\/\/sanvicentedepaul-mataderos.edu.ar\/wp-content\/uploads\/slider5\/proyecto-democracia-8-1080x675.jpeg",1080,675,true],"et-pb-portfolio-image":["https:\/\/sanvicentedepaul-mataderos.edu.ar\/wp-content\/uploads\/slider5\/proyecto-democracia-8-400x284.jpeg",400,284,true],"et-pb-portfolio-module-image":["https:\/\/sanvicentedepaul-mataderos.edu.ar\/wp-content\/uploads\/slider5\/proyecto-democracia-8-510x382.jpeg",510,382,true],"et-pb-portfolio-image-single":["https:\/\/sanvicentedepaul-mataderos.edu.ar\/wp-content\/uploads\/slider5\/proyecto-democracia-8-1080x1440.jpeg",1080,1440,true],"et-pb-gallery-module-image-portrait":["https:\/\/sanvicentedepaul-mataderos.edu.ar\/wp-content\/uploads\/slider5\/proyecto-democracia-8-400x516.jpeg",400,516,true],"et-pb-post-main-image-fullwidth-large":["https:\/\/sanvicentedepaul-mataderos.edu.ar\/wp-content\/uploads\/slider5\/proyecto-democracia-8.jpeg",1200,1600,false],"et-pb-image--responsive--desktop":["https:\/\/sanvicentedepaul-mataderos.edu.ar\/wp-content\/uploads\/slider5\/proyecto-democracia-8.jpeg",540,720,false],"et-pb-image--responsive--tablet":["https:\/\/sanvicentedepaul-mataderos.edu.ar\/wp-content\/uploads\/slider5\/proyecto-democracia-8-980x1307.jpeg",413,551,true],"et-pb-image--responsive--phone":["https:\/\/sanvicentedepaul-mataderos.edu.ar\/wp-content\/uploads\/slider5\/proyecto-democracia-8-480x640.jpeg",203,270,true]},"uagb_author_info":{"display_name":"Matias Ojeda","author_link":"https:\/\/sanvicentedepaul-mataderos.edu.ar\/?author=6"},"uagb_comment_info":0,"uagb_excerpt":"La Democracia est\u00e1 por venir Nos complace informarles que en el nivel primario de nuestra escuela, hemos llevado a cabo un emocionante proyecto educativo en conmemoraci\u00f3n de los 40 a\u00f1os de la vuelta a la Democracia en Argentina, llamado \u201cLa Democracia est\u00e1 por-venir\u201d. Cada grado ha participado activamente en este proyecto, abordando diversos aspectos de&hellip;","_links":{"self":[{"href":"https:\/\/sanvicentedepaul-mataderos.edu.ar\/index.php?rest_route=\/wp\/v2\/pages\/1212","targetHints":{"allow":["GET"]}}],"collection":[{"href":"https:\/\/sanvicentedepaul-mataderos.edu.ar\/index.php?rest_route=\/wp\/v2\/pages"}],"about":[{"href":"https:\/\/sanvicentedepaul-mataderos.edu.ar\/index.php?rest_route=\/wp\/v2\/types\/page"}],"author":[{"embeddable":true,"href":"https:\/\/sanvicentedepaul-mataderos.edu.ar\/index.php?rest_route=\/wp\/v2\/users\/6"}],"replies":[{"embeddable":true,"href":"https:\/\/sanvicentedepaul-mataderos.edu.ar\/index.php?rest_route=%2Fwp%2Fv2%2Fcomments&post=1212"}],"version-history":[{"count":7,"href":"https:\/\/sanvicentedepaul-mataderos.edu.ar\/index.php?rest_route=\/wp\/v2\/pages\/1212\/revisions"}],"predecessor-version":[{"id":1250,"href":"https:\/\/sanvicentedepaul-mataderos.edu.ar\/index.php?rest_route=\/wp\/v2\/pages\/1212\/revisions\/1250"}],"wp:featuredmedia":[{"embeddable":true,"href":"https:\/\/sanvicentedepaul-mataderos.edu.ar\/index.php?rest_route=\/wp\/v2\/media\/1218"}],"wp:attachment":[{"href":"https:\/\/sanvicentedepaul-mataderos.edu.ar\/index.php?rest_route=%2Fwp%2Fv2%2Fmedia&parent=1212"}],"curies":[{"name":"wp","href":"https:\/\/api.w.org\/{rel}","templated":true}]}}

<p>[et_pb_section fb_built=»1&#8243; admin_label=»section» _builder_version=»4.16&#8243; global_colors_info=»{}»][et_pb_row admin_label=»row» _builder_version=»4.16&#8243; background_size=»initial» background_position=»top_left» background_repeat=»repeat» min_height=»64px» custom_margin=»|auto|19px|auto||» global_colors_info=»{}»][et_pb_column type=»4_4&#8243; _builder_version=»4.16&#8243; custom_padding=»|||» global_colors_info=»{}» custom_padding__hover=»|||»][et_pb_text content_last_edited=»off|desktop» admin_label=»Text» _builder_version=»4.21.0&#8243; background_size=»initial» background_position=»top_left» background_repeat=»repeat» custom_margin=»50px||||false|false» global_colors_info=»{}»]</p>
<h1>La Democracia está por venir</h1>
<p><span>Nos complace informarles que en el nivel primario de nuestra escuela, hemos llevado a cabo un emocionante proyecto educativo en conmemoración de los 40 años de la vuelta a la Democracia en Argentina, llamado <em>“La Democracia está por-venir”.</em> </span><br />
<span>Cada grado ha participado activamente en este proyecto, abordando diversos aspectos de nuestra historia democrática.</span></p>
<p><em><span><b>“Súper–Saludable”</b>:</span></em><span> En primer grado, nuestros alumnos y alumnas exploraron el tema de la Ley de Etiquetados y su importancia en la construcción de una alimentación más sana y equilibrada.</span></p>
<p><em><span><b>“Todos Somos Argentina”</b></span></em><span>: Segundo grado, se enfocó en el federalismo y como está constituido nuestro país, analizando cómo este principio ha fortalecido nuestra nación a lo largo de los años. Han explorado las diferentes culturas y biomas de las provincias. </span></p>
<p><em><span><b>“Whipala, Identidad, Recursos y Conflictos”</b></span></em><span>: Tercer grado, se adentró en la historia de la Ley de Tierras en Argentina, los pueblos originarios y la importancia de nuestros recursos naturales y su extracción como en el caso del Litio.  </span></p>
<p><em><span><b>“El Origen de Todo”:</b></span></em><span> Cuarto grado se sumergió en la inauguración de Buenos Aires, un evento fundamental en la historia de nuestra capital y las costumbres porteñas.</span></p>
<p><em><span><b>“Llamemos a los lugares por su nombre”:</b></span></em><span> Quinto grado profundizó en el proceso de elección y la Ley Sáenz Peña, resaltando la importancia del sufragio y su impacto en nuestra Democracia. </span></p>
<p><em><span><b>“Ser Libres desde Adentro»:</b></span></em><span> Finalmente, sexto y séptimo grado se dedicaron a analizar la época de la dictadura cívico &#8211; militar en Argentina, reflexionando sobre las lecciones aprendidas de ese período oscuro de nuestra historia.</span>[/et_pb_text][/et_pb_column][/et_pb_row][et_pb_row admin_label=»row» _builder_version=»4.16&#8243; background_size=»initial» background_position=»top_left» background_repeat=»repeat» global_colors_info=»{}»][et_pb_column type=»4_4&#8243; _builder_version=»4.16&#8243; custom_padding=»|||» global_colors_info=»{}» custom_padding__hover=»|||»][et_pb_nextend_smart_slider_3 slider=»5&#8243; _builder_version=»4.21.0&#8243; _module_preset=»default» global_colors_info=»{}»][/et_pb_nextend_smart_slider_3][et_pb_text _builder_version=»4.21.0&#8243; _module_preset=»default» global_colors_info=»{}»]</p>
<p><span>Este proyecto ha permitido a nuestros estudiantes aprender sobre la historia de Argentina de una manera participativa y significativa, promoviendo la comprensión de los valores democráticos y la importancia de preservar los derechos que hemos adquirido en Democracia.</span></p>
<p><span>Por esta razón, nuestro desafío como escuela, es reafirmar el compromiso de cumplir con nuestras obligaciones, defender, cuidar y ampliar los derechos conquistados, porque ninguna conquista de derechos es definitiva.</span></p>
<p>[/et_pb_text][/et_pb_column][/et_pb_row][/et_pb_section]</p>

<p>La Democracia está por venir Nos complace informarles que en el nivel primario de nuestra escuela, hemos llevado a cabo un emocionante proyecto educativo en conmemoración de los 40 años de la vuelta a la Democracia en Argentina, llamado “La Democracia está por-venir”. Cada grado ha participado activamente en este proyecto, abordando diversos aspectos de [&hellip;]</p>

La Democracia está por venir Nos complace informarles que en el nivel primario de nuestra escuela, hemos llevado a cabo un emocionante proyecto educativo en conmemoración de los 40 años de la vuelta a la Democracia en Argentina, llamado “La Democracia está por-venir”. Cada grado ha participado activamente en este proyecto, abordando diversos aspectos de&hellip;
