{"id":404,"date":"2021-06-01T12:00:06","date_gmt":"2021-06-01T12:00:06","guid":{"rendered":"http:\/\/sanvicentedepaul-mataderos.edu.ar\/?page_id=404"},"modified":"2021-06-01T12:00:06","modified_gmt":"2021-06-01T12:00:06","slug":"perfil-de-egresado-primario","status":"publish","type":"page","link":"https:\/\/sanvicentedepaul-mataderos.edu.ar\/?page_id=404","title":{"rendered":"Perfil de Egresado (Primario)"},"content":{"rendered":"\n<p>Como comunidad educativa aspiramos a que el alumno\/a del Instituto San Vicente de Paul demuestre:<\/p>\n\n\n\n<ul class=\"wp-block-list\"><li>El reconocimiento en Cristo, como amigo y modelo, y que sabi\u00e9ndose hijo de Dios, busque, a trav\u00e9s de la fuerza de la oraci\u00f3n y su compromiso personal, la promoci\u00f3n de valores como la caridad, la bondad, la justicia, la solidaridad y la responsabilidad, pr\u00e1cticas que garanticen una convivencia arm\u00f3nica.<\/li><\/ul>\n\n\n\n<ul class=\"wp-block-list\"><li>Vivenciar los valores cristianos a trav\u00e9s de los Sacramentos de la Reconciliaci\u00f3n, Comuni\u00f3n y Confirmaci\u00f3n.<\/li><\/ul>\n\n\n\n<ul class=\"wp-block-list\"><li>El desarrollo de una actitud abierta, reflexiva, creativa, y cr\u00edtica sobre los saberes propios de cada \u00e1rea para que le permita apropiarse de dichos saberes para poder aplicarlos creativamente a nuevas situaciones.<\/li><\/ul>\n\n\n\n<ul class=\"wp-block-list\"><li>El ajuste de sus capacidades f\u00edsicas a las exigencias de la motricidad espec\u00edfica que requieren los juegos y deportes seg\u00fan sus posibilidades personales, reconociendo al deporte como una de las pr\u00e1cticas que favorecen una mejor calidad de vida y permite tomar conciencia del propio cuerpo y sus posibilidades.<\/li><\/ul>\n\n\n\n<ul class=\"wp-block-list\"><li>La adquisici\u00f3n de h\u00e1bitos de estudio que revalorice el conocimiento como camino para el crecimiento personal a trav\u00e9s del esfuerzo y la voluntad para la consecuci\u00f3n de objetivos personales y sociales.<\/li><\/ul>\n\n\n\n<ul class=\"wp-block-list\"><li>El desarrollo y afianzamiento del conocimiento de la lengua inglesa, con opci\u00f3n de poder certificar sus conocimientos por medio del CLE-certificado de Lenguas Extranjeras otorgado por el Gobierno de la Ciudad de Buenos Aires.<\/li><\/ul>\n\n\n\n<ul class=\"wp-block-list\"><li>La adquisici\u00f3n de habilidades en el manejo de herramientas inform\u00e1ticas.<\/li><\/ul>\n\n\n\n<ul class=\"wp-block-list\"><li>Haber adquirido y afianzado elementos comunicativos que le permitan utilizar la comunicaci\u00f3n en forma correcta, creativa y eficaz mediante la expresi\u00f3n oral y escrita.<\/li><\/ul>\n\n\n\n<ul class=\"wp-block-list\"><li>Capacidades vinculadas con la comprensi\u00f3n lectora, el an\u00e1lisis cr\u00edtico de la informaci\u00f3n y utilizaci\u00f3n de sus datos.<\/li><\/ul>\n\n\n\n<ul class=\"wp-block-list\"><li>Capacidad para encauzar su tiempo libre en pr\u00e1cticas recreativas, de ayuda solidaria o&nbsp; deportivas&nbsp;<\/li><\/ul>\n\n\n\n<ul class=\"wp-block-list\"><li>La valoraci\u00f3n de la familia como n\u00facleo b\u00e1sico de la sociedad.<\/li><\/ul>\n\n\n\n<ul class=\"wp-block-list\"><li>Reconocer la importancia en la vida cotidiana, las funciones de las normas y de los valores de la forma democr\u00e1tica de organizaci\u00f3n social del pa\u00eds.<\/li><\/ul>\n\n\n\n<ul class=\"wp-block-list\"><li>Inter\u00e9s en participar de actividades que lo involucren de una manera incipiente en la construcci\u00f3n de una sociedad democr\u00e1tica m\u00e1s justa y m\u00e1s fraterna.<\/li><\/ul>\n\n\n\n<ul class=\"wp-block-list\"><li>La valoraci\u00f3n de la vida como don de Dios y el respeto por el propio cuerpo y el de los otros, vivenciando su sexualidad con libertad de modo responsable y respetuoso.<\/li><\/ul>\n\n\n\n<ul class=\"wp-block-list\"><li>Desarrollo del goce est\u00e9tico ante las manifestaciones de la naturaleza y las creaciones del hombre.<\/li><\/ul>\n\n\n\n<ul class=\"wp-block-list\"><li>Respeto por los recursos naturales, su protecci\u00f3n y el uso discriminado de los mismos en la vida cotidiana.<\/li><\/ul>\n\n\n\n<ul class=\"wp-block-list\"><li>La apropiaci\u00f3n de una selecci\u00f3n de saberes y pr\u00e1cticas relevantes definidos a partir de las diferentes ramas de las ciencias y otros campos de la cultura<\/li><\/ul>\n\n\n\n<ul class=\"wp-block-list\"><li>Comprender el car\u00e1cter hist\u00f3rico, p\u00fablico, colectivo y cambiante de los conocimientos adquiridos.<\/li><\/ul>\n\n\n\n<ul class=\"wp-block-list\"><li>La adecuada preparaci\u00f3n para encarar estudios superiores que incorpore conocimiento y experiencias para definir su vocaci\u00f3n profesional.<\/li><\/ul>\n\n\n\n<ul class=\"wp-block-list\"><li>La formaci\u00f3n integral para la formulaci\u00f3n de su proyecto de vida enriquecido con un s\u00f3lido bagaje personal y cultural.<\/li><\/ul>\n\n\n\n<ul class=\"wp-block-list\"><li>La adquisici\u00f3n del nivel acad\u00e9mico acompa\u00f1ado por la cordial y adecuada convivencia en funci\u00f3n a los objetivos de nuestra instituci\u00f3n.<\/li><\/ul>\n","protected":false},"excerpt":{"rendered":"<p>Como comunidad educativa aspiramos a que el alumno\/a del Instituto San Vicente de Paul demuestre: El reconocimiento en Cristo, como amigo y modelo, y que sabi\u00e9ndose hijo de Dios, busque, a trav\u00e9s de la fuerza de la oraci\u00f3n y su compromiso personal, la promoci\u00f3n de valores como la caridad, la bondad, la justicia, la solidaridad [&hellip;]<\/p>\n","protected":false},"author":3,"featured_media":0,"parent":0,"menu_order":0,"comment_status":"closed","ping_status":"closed","template":"","meta":{"_et_pb_use_builder":"","_et_pb_old_content":"","_et_gb_content_width":"","_uag_custom_page_level_css":"","footnotes":""},"class_list":["post-404","page","type-page","status-publish","hentry"],"uagb_featured_image_src":{"full":false,"thumbnail":false,"medium":false,"medium_large":false,"large":false,"elegant_blocks_team_1":false,"elegant_blocks_blog_1":false,"elegant_blocks_slider_1":false,"1536x1536":false,"2048x2048":false,"et-pb-post-main-image":false,"et-pb-post-main-image-fullwidth":false,"et-pb-portfolio-image":false,"et-pb-portfolio-module-image":false,"et-pb-portfolio-image-single":false,"et-pb-gallery-module-image-portrait":false,"et-pb-post-main-image-fullwidth-large":false,"et-pb-image--responsive--desktop":false,"et-pb-image--responsive--tablet":false,"et-pb-image--responsive--phone":false},"uagb_author_info":{"display_name":"Nestor Pelizzari","author_link":"https:\/\/sanvicentedepaul-mataderos.edu.ar\/?author=3"},"uagb_comment_info":0,"uagb_excerpt":"Como comunidad educativa aspiramos a que el alumno\/a del Instituto San Vicente de Paul demuestre: El reconocimiento en Cristo, como amigo y modelo, y que sabi\u00e9ndose hijo de Dios, busque, a trav\u00e9s de la fuerza de la oraci\u00f3n y su compromiso personal, la promoci\u00f3n de valores como la caridad, la bondad, la justicia, la solidaridad&hellip;","_links":{"self":[{"href":"https:\/\/sanvicentedepaul-mataderos.edu.ar\/index.php?rest_route=\/wp\/v2\/pages\/404","targetHints":{"allow":["GET"]}}],"collection":[{"href":"https:\/\/sanvicentedepaul-mataderos.edu.ar\/index.php?rest_route=\/wp\/v2\/pages"}],"about":[{"href":"https:\/\/sanvicentedepaul-mataderos.edu.ar\/index.php?rest_route=\/wp\/v2\/types\/page"}],"author":[{"embeddable":true,"href":"https:\/\/sanvicentedepaul-mataderos.edu.ar\/index.php?rest_route=\/wp\/v2\/users\/3"}],"replies":[{"embeddable":true,"href":"https:\/\/sanvicentedepaul-mataderos.edu.ar\/index.php?rest_route=%2Fwp%2Fv2%2Fcomments&post=404"}],"version-history":[{"count":1,"href":"https:\/\/sanvicentedepaul-mataderos.edu.ar\/index.php?rest_route=\/wp\/v2\/pages\/404\/revisions"}],"predecessor-version":[{"id":405,"href":"https:\/\/sanvicentedepaul-mataderos.edu.ar\/index.php?rest_route=\/wp\/v2\/pages\/404\/revisions\/405"}],"wp:attachment":[{"href":"https:\/\/sanvicentedepaul-mataderos.edu.ar\/index.php?rest_route=%2Fwp%2Fv2%2Fmedia&parent=404"}],"curies":[{"name":"wp","href":"https:\/\/api.w.org\/{rel}","templated":true}]}}