{"id":407,"date":"2021-06-01T12:04:51","date_gmt":"2021-06-01T12:04:51","guid":{"rendered":"http:\/\/sanvicentedepaul-mataderos.edu.ar\/?page_id=407"},"modified":"2021-06-01T12:04:51","modified_gmt":"2021-06-01T12:04:51","slug":"perfil-de-egresado-a-inicial","status":"publish","type":"page","link":"https:\/\/sanvicentedepaul-mataderos.edu.ar\/?page_id=407","title":{"rendered":"Perfil de Egresado\/a (Inicial)"},"content":{"rendered":"\n<p><\/p>\n\n\n\n<ul class=\"wp-block-list\"><li>Como comunidad educativa aspiramos a que, tras el proceso educativo en nuestra Instituci\u00f3n, el alumno de Nivel Inicial, logre al egresar:<\/li><li>Iniciarse en la vivencia de los valores evang\u00e9licos y de la Fe; y en el descubrimiento de Dios como Padre, Jes\u00fas como Se\u00f1or, el Esp\u00edritu Santo como amigo y la Virgen Mar\u00eda como su Madre.<\/li><li>Disfrutar de integrarse a la familia institucional Vicentina y vincularse afectivamente a ella.<\/li><li>Comprometerse con las normas de convivencia aceptadas y construidas grupalmente en busca del bien com\u00fan.<\/li><li>Desarrollar un aprendizaje cooperativo, aprendiendo de los otros y con los otros.<\/li><li>Adquirir h\u00e1bitos, pautas de autonom\u00eda, aprendizaje y buena convivencia.<\/li><li>Adquirir habilidades sociales y cognitivas que promuevan el aprendizaje y crecimiento&nbsp;<\/li><li>Evocar posibilidades simb\u00f3licas que le ofrece el juego como medio para aprender.<\/li><li>Comunicarse y expresarse de forma ajustada y creativa en los diferentes contextos situaciones por medio de los diversos lenguajes: corporal, verbal, gr\u00e1fico, pl\u00e1stico, musical e incluso, matem\u00e1tico.<\/li><li>Progresar en el conocimiento, reconocimiento, dominio de su cuerpo y su modo de expresi\u00f3n, como obra creada por Dios. As\u00ed como de sus posibilidades, adquiriendo h\u00e1bitos b\u00e1sicos de salud, alimentaci\u00f3n, higiene y bienestar f\u00edsico y emocional<\/li><li>Participar activamente de la observaci\u00f3n, indagaci\u00f3n, y exploraci\u00f3n del entorno&nbsp;inmediato social y natural promoviendo el cuidado y preservaci\u00f3n del medio ambiente.<\/li><li>Conocer, usar y respetar los s\u00edmbolos patrios que hacen al sentimiento de identificaci\u00f3n y pertenencia representados por las Banderas que nos identifican.<\/li><li>Observar y reconocer&nbsp;los cambios y permanencias en la historia de la comunidad: hechos hist\u00f3ricos relevantes. Contextos y personajes. Monumentos y edificios hist\u00f3ricos. Personajes sociales relevantes. Conmemoraciones y festejos significativos.<\/li><li>Demostrar inter\u00e9s en el conocimiento y cuidado del medio ambiente.<\/li><li>Apropiarse de instrumentos y herramientas para identificar, expresar, manifestar y gestionar sanamente sus emociones, y as\u00ed actuar con empat\u00eda en los diversos momentos y situaciones cotidianas.<\/li><li>Apropiarse de herramientas tecnol\u00f3gicas como formas culturales que brindan nuevas oportunidades de producci\u00f3n y apropiaci\u00f3n del conocimiento.<\/li><li>Participar de manera activa en el acercamiento a la lengua extranjera.<\/li><\/ul>\n","protected":false},"excerpt":{"rendered":"<p>Como comunidad educativa aspiramos a que, tras el proceso educativo en nuestra Instituci\u00f3n, el alumno de Nivel Inicial, logre al egresar:Iniciarse en la vivencia de los valores evang\u00e9licos y de la Fe; y en el descubrimiento de Dios como Padre, Jes\u00fas como Se\u00f1or, el Esp\u00edritu Santo como amigo y la Virgen Mar\u00eda como su Madre.Disfrutar [&hellip;]<\/p>\n","protected":false},"author":3,"featured_media":0,"parent":0,"menu_order":0,"comment_status":"closed","ping_status":"closed","template":"","meta":{"_et_pb_use_builder":"","_et_pb_old_content":"","_et_gb_content_width":"","_uag_custom_page_level_css":"","footnotes":""},"class_list":["post-407","page","type-page","status-publish","hentry"],"uagb_featured_image_src":{"full":false,"thumbnail":false,"medium":false,"medium_large":false,"large":false,"elegant_blocks_team_1":false,"elegant_blocks_blog_1":false,"elegant_blocks_slider_1":false,"1536x1536":false,"2048x2048":false,"et-pb-post-main-image":false,"et-pb-post-main-image-fullwidth":false,"et-pb-portfolio-image":false,"et-pb-portfolio-module-image":false,"et-pb-portfolio-image-single":false,"et-pb-gallery-module-image-portrait":false,"et-pb-post-main-image-fullwidth-large":false,"et-pb-image--responsive--desktop":false,"et-pb-image--responsive--tablet":false,"et-pb-image--responsive--phone":false},"uagb_author_info":{"display_name":"Nestor Pelizzari","author_link":"https:\/\/sanvicentedepaul-mataderos.edu.ar\/?author=3"},"uagb_comment_info":0,"uagb_excerpt":"Como comunidad educativa aspiramos a que, tras el proceso educativo en nuestra Instituci\u00f3n, el alumno de Nivel Inicial, logre al egresar:Iniciarse en la vivencia de los valores evang\u00e9licos y de la Fe; y en el descubrimiento de Dios como Padre, Jes\u00fas como Se\u00f1or, el Esp\u00edritu Santo como amigo y la Virgen Mar\u00eda como su Madre.Disfrutar&hellip;","_links":{"self":[{"href":"https:\/\/sanvicentedepaul-mataderos.edu.ar\/index.php?rest_route=\/wp\/v2\/pages\/407","targetHints":{"allow":["GET"]}}],"collection":[{"href":"https:\/\/sanvicentedepaul-mataderos.edu.ar\/index.php?rest_route=\/wp\/v2\/pages"}],"about":[{"href":"https:\/\/sanvicentedepaul-mataderos.edu.ar\/index.php?rest_route=\/wp\/v2\/types\/page"}],"author":[{"embeddable":true,"href":"https:\/\/sanvicentedepaul-mataderos.edu.ar\/index.php?rest_route=\/wp\/v2\/users\/3"}],"replies":[{"embeddable":true,"href":"https:\/\/sanvicentedepaul-mataderos.edu.ar\/index.php?rest_route=%2Fwp%2Fv2%2Fcomments&post=407"}],"version-history":[{"count":1,"href":"https:\/\/sanvicentedepaul-mataderos.edu.ar\/index.php?rest_route=\/wp\/v2\/pages\/407\/revisions"}],"predecessor-version":[{"id":408,"href":"https:\/\/sanvicentedepaul-mataderos.edu.ar\/index.php?rest_route=\/wp\/v2\/pages\/407\/revisions\/408"}],"wp:attachment":[{"href":"https:\/\/sanvicentedepaul-mataderos.edu.ar\/index.php?rest_route=%2Fwp%2Fv2%2Fmedia&parent=407"}],"curies":[{"name":"wp","href":"https:\/\/api.w.org\/{rel}","templated":true}]}}

<p></p>



<ul class="wp-block-list"><li>Como comunidad educativa aspiramos a que, tras el proceso educativo en nuestra Institución, el alumno de Nivel Inicial, logre al egresar:</li><li>Iniciarse en la vivencia de los valores evangélicos y de la Fe; y en el descubrimiento de Dios como Padre, Jesús como Señor, el Espíritu Santo como amigo y la Virgen María como su Madre.</li><li>Disfrutar de integrarse a la familia institucional Vicentina y vincularse afectivamente a ella.</li><li>Comprometerse con las normas de convivencia aceptadas y construidas grupalmente en busca del bien común.</li><li>Desarrollar un aprendizaje cooperativo, aprendiendo de los otros y con los otros.</li><li>Adquirir hábitos, pautas de autonomía, aprendizaje y buena convivencia.</li><li>Adquirir habilidades sociales y cognitivas que promuevan el aprendizaje y crecimiento&nbsp;</li><li>Evocar posibilidades simbólicas que le ofrece el juego como medio para aprender.</li><li>Comunicarse y expresarse de forma ajustada y creativa en los diferentes contextos situaciones por medio de los diversos lenguajes: corporal, verbal, gráfico, plástico, musical e incluso, matemático.</li><li>Progresar en el conocimiento, reconocimiento, dominio de su cuerpo y su modo de expresión, como obra creada por Dios. Así como de sus posibilidades, adquiriendo hábitos básicos de salud, alimentación, higiene y bienestar físico y emocional</li><li>Participar activamente de la observación, indagación, y exploración del entorno&nbsp;inmediato social y natural promoviendo el cuidado y preservación del medio ambiente.</li><li>Conocer, usar y respetar los símbolos patrios que hacen al sentimiento de identificación y pertenencia representados por las Banderas que nos identifican.</li><li>Observar y reconocer&nbsp;los cambios y permanencias en la historia de la comunidad: hechos históricos relevantes. Contextos y personajes. Monumentos y edificios históricos. Personajes sociales relevantes. Conmemoraciones y festejos significativos.</li><li>Demostrar interés en el conocimiento y cuidado del medio ambiente.</li><li>Apropiarse de instrumentos y herramientas para identificar, expresar, manifestar y gestionar sanamente sus emociones, y así actuar con empatía en los diversos momentos y situaciones cotidianas.</li><li>Apropiarse de herramientas tecnológicas como formas culturales que brindan nuevas oportunidades de producción y apropiación del conocimiento.</li><li>Participar de manera activa en el acercamiento a la lengua extranjera.</li></ul>

<p>Como comunidad educativa aspiramos a que, tras el proceso educativo en nuestra Institución, el alumno de Nivel Inicial, logre al egresar:Iniciarse en la vivencia de los valores evangélicos y de la Fe; y en el descubrimiento de Dios como Padre, Jesús como Señor, el Espíritu Santo como amigo y la Virgen María como su Madre.Disfrutar [&hellip;]</p>

Como comunidad educativa aspiramos a que, tras el proceso educativo en nuestra Institución, el alumno de Nivel Inicial, logre al egresar:Iniciarse en la vivencia de los valores evangélicos y de la Fe; y en el descubrimiento de Dios como Padre, Jesús como Señor, el Espíritu Santo como amigo y la Virgen María como su Madre.Disfrutar&hellip;
